lse
Is 336720734 a multiple of 3?
False
Is 69 a factor of 613341?
True
Is 79 a factor of 89565855?
True
Does 122 divide 115854759?
False
Is 53858253 a multiple of 81?
False
Is 55 a factor of 1424210484?
False
Is 42921086 a multiple of 346?
False
Does 13 divide 15934398?
False
Is 281439448 a multiple of 389?
False
Is 9138108 a multiple of 196?
True
Is 55611435 a multiple of 2230?
False
Is 261 a factor of 138806795?
False
Is 2370639306 a multiple of 33?
False
Does 9 divide 6814728?
True
Is 2793 a factor of 73559241?
True
Is 71801823 a multiple of 1693?
True
Is 5 a factor of 1194726?
False
Is 191 a factor of 9409356?
False
Is 54744032 a multiple of 12?
False
Is 515791311 a multiple of 3?
True
Is 203 a factor of 7665077?
True
Is 18356726 a multiple of 2376?
False
Is 1121 a factor of 1988720237?
False
Is 12311387 a multiple of 101?
False
Is 59 a factor of 10397452?
True
Does 85 divide 55729079?
False
Does 136 divide 957286711?
False
Is 2417874902 a multiple of 212?
False
Does 1690 divide 3754145?
False
Is 5845 a factor of 430548545?
True
Does 15 divide 352772040?
True
Is 6071121 a multiple of 193?
False
Does 4 divide 376748?
True
Does 418 divide 451401544?
True
Is 133801019 a multiple of 709?
False
Is 660297084 a multiple of 1076?
True
Does 3801 divide 227516457?
True
Is 46757289 a multiple of 1538?
False
Does 2175 divide 1632953137?
False
Is 775522073 a multiple of 1064?
False
Is 103727703 a multiple of 2079?
False
Does 13 divide 21565313?
False
Is 38559128 a multiple of 182?
False
Is 7 a factor of 208406513?
True
Is 320 a factor of 19894720?
True
Is 2225 a factor of 134808300?
True
Is 161 a factor of 36316131?
False
Is 3319 a factor of 453060977?
False
Is 221182926 a multiple of 32?
False
Is 497074060 a multiple of 35?
True
Is 11 a factor of 748816332?
True
Is 920694609 a multiple of 97?
True
Does 3552 divide 140418341?
False
Is 41 a factor of 1307613?
True
Does 48 divide 3799920?
True
Does 44 divide 36089578?
False
Is 68552587 a multiple of 10?
False
Does 13 divide 804893312?
False
Does 52 divide 90879204?
True
Does 43 divide 9320105?
False
Is 2282 a factor of 159274472?
True
Is 4062065663 a multiple of 17?
True
Is 39 a factor of 208662558?
True
Is 2043796853 a multiple of 1479?
False
Is 1227028722 a multiple of 3112?
False
Does 25 divide 309612758?
False
Is 5 a factor of 41370860?
True
Is 152 a factor of 59053980?
False
Does 164 divide 166735818?
False
Is 23840261 a multiple of 656?
False
Is 3463527260 a multiple of 29?
False
Does 2 divide 1726970?
True
Does 192 divide 1194740?
False
Is 29847696 a multiple of 201?
True
Does 7 divide 24306534?
True
Is 636528690 a multiple of 15?
True
Is 509 a factor of 63713027?
False
Is 230 a factor of 16544279?
False
Does 5 divide 47230825?
True
Does 12 divide 420043764?
True
Is 1544598928 a multiple of 37?
False
Is 19 a factor of 19518453?
True
Is 2335547873 a multiple of 901?
True
Is 475976592 a multiple of 7?
True
Is 1420 a factor of 447432225?
False
Is 166 a factor of 75443348?
True
Does 41 divide 4472362?
True
Is 107322519 a multiple of 10?
False
Is 4 a factor of 17877612?
True
Is 83 a factor of 205267881?
True
Is 855087887 a multiple of 33?
False
Is 8955 a factor of 846963900?
True
Does 58 divide 112009484?
True
Is 944664420 a multiple of 60?
True
Is 2399702 a multiple of 3?
False
Is 88 a factor of 88508816?
True
Is 3228879091 a multiple of 9593?
True
Is 32255983 a multiple of 91?
False
Is 19 a factor of 218024886?
True
Is 1396080 a multiple of 8?
True
Does 397 divide 121372318?
False
Is 4613 a factor of 136641673?
True
Is 5222 a factor of 809613750?
False
Does 31 divide 60440111?
True
Is 46574745 a multiple of 103?
False
Is 41 a factor of 58834802?
False
Is 945714 a multiple of 14?
True
Is 16972266 a multiple of 3?
True
Does 578 divide 2055778380?
True
Is 125 a factor of 6695375?
True
Is 208985800 a multiple of 10?
True
Does 66 divide 46028268?
True
Is 234937974 a multiple of 498?
True
Is 61929375 a multiple of 625?
True
Is 671751706 a multiple of 1137?
False
Is 504201477 a multiple of 62?
False
Is 1067 a factor of 1778111753?
True
Is 4094690 a multiple of 937?
True
Is 487458307 a multiple of 13?
False
Is 272 a factor of 490937998?
False
Is 90554611 a multiple of 757?
True
Is 1173516605 a multiple of 503?
True
Is 1881 a factor of 69822720?
True
Is 36844929 a multiple of 947?
True
Is 23271545 a multiple of 4?
False
Is 4823910 a multiple of 39?
True
Is 17 a factor of 20688884?
False
Is 1317 a factor of 277887?
True
Does 9393 divide 1324149996?
True
Is 156080339 a multiple of 7?
False
Does 29 divide 20120250?
False
Does 1515 divide 44587177?
False
Is 26 a factor of 3738527423?
False
Is 49597360 a multiple of 16?
True
Does 1319 divide 36679925?
False
Does 20 divide 91978080?
True
Is 1097792 a multiple of 68?
True
Is 144903949 a multiple of 214?
False
Is 15 a factor of 941006829?
False
Is 14 a factor of 3692928?
False
Does 11 divide 255319944?
True
Is 2544 a factor of 2513611569?
False
Is 1614006945 a multiple of 85?
True
Is 18 a factor of 1519581443?
False
Does 5426 divide 193225286?
True
Is 1841 a factor of 161420721?
True
Is 1840669083 a multiple of 316?
False
Is 160183761 a multiple of 19?
False
Is 2960 a factor of 1019426960?
True
Does 9 divide 9495747?
True
Is 141536768 a multiple of 512?
True
Is 142 a factor of 707903086?
True
Is 982 a factor of 63597448?
False
Is 828231291 a multiple of 27?
True
Is 16 a factor of 49080354?
False
Is 13533240 a multiple of 40?
True
Is 15 a factor of 30020869?
False
Does 263 divide 2260745370?
True
Is 934421540 a multiple of 107?
False
Is 3 a factor of 2060970?
True
Is 2704 a factor of 25559414?
False
Does 3298 divide 1191402500?
True
Is 33112968 a multiple of 257?
False
Does 3168 divide 89200602?
False
Does 2 divide 113028?
True
Does 1800 divide 536088171?
False
Is 19 a factor of 17248371?
True
Does 6 divide 58474641?
False
Does 10 divide 8523950?
True
Is 91987092 a multiple of 18?
True
Is 80 a factor of 21911760?
True
Is 37 a factor of 397788369?
True
Is 2120 a factor of 19868640?
True
Is 2074 a factor of 715223048?
True
Does 107 divide 40874107?
True
Is 105 a factor of 86022300?
True
Is 8 a factor of 14647649?
False
Is 4779660427 a multiple of 43?
False
Is 52391088 a multiple of 141?
True
Is 57 a factor of 2894121249?
True
Is 32341565 a multiple of 145?
False
Is 37 a factor of 100424031?
True
Is 77292514 a multiple of 15?
False
Does 238 divide 4771501826?
True
Is 508161519 a multiple of 467?
False
Does 41 divide 211310212?
False
Does 30 divide 136526732?
False
Does 562 divide 48039760?
True
Is 3 a factor of 1424999?
False
Does 25 divide 101269358?
False
Does 36 divide 1492206516?
True
Is 119661559 a multiple of 1607?
False
Is 1069 a factor of 328809616?
False
Is 59446358 a multiple of 1911?
False
Is 3043963 even?
False
Does 33 divide 4285347?
True
Is 68646960 a multiple of 135?
True
Does 81 divide 1018892086?
False
Is 28 a factor of 24945774?
False
Does 83 divide 1041796813?
False
Is 393 a factor of 38625612?
True
Is 25627760 a multiple of 2252?
True
Is 628 a factor of 239346500?
True
Does 8 divide 27753693?
False
Does 5389 divide 573648272?
True
Does 2593 divide 236022639?
True
Does 62 divide 1372026661?
False
Is 11 a factor of 1437568198?
True
Is 997654093 a multiple of 245?
False
Is 98 a factor of 385027888?
True
Does 291 divide 791626475?
False
Does 1656 divide 155835806?
False
Is 331787330 a multiple of 245?
True
Does 455 divide 3675697507?
False
Is 86051161 a multiple of 7?
True
Is 108929847 a multiple of 13?
True
Does 606 divide 588086034?
True
Does 4 divide 180044775?
False
Does 103 divide 133877834?
False
Is 9826148 a multiple of 1268?
False
Is 186762988 a multiple of 3299?
True
Does 1905 divide 648361822?
False
Is 54 a factor of 18905670?
True
Is 886 a factor of 63226732?
True
Is 217 a factor of 546523180?
True
Is 72 a factor of 2082899160?
True
Is 2508554 a multiple of 3?
False
Is 2371895552 a multiple of 832?
True
Is 61 a factor of 259333461?
False
Does 20 divide 187068318?
False
Is 89328288 a multiple of 11?
False
Is 635 a factor of 16788440?
False
Is 14 a factor of 2964226581?
False
Is 18846 a multiple of 6?
True
Is 23 a factor of 202612589?
True
Does 118 divide 26127914?
True
Does 441 divide 24135807?
False
Does 5 divide 245946825?
True
Is 7 a fac